tor of 691935?
True
Is 2491160 a multiple of 2?
True
Is 936285 a multiple of 111?
True
Does 1474 divide 8740820?
True
Does 94 divide 74918?
True
Does 12 divide 4624225?
False
Is 5504106 a multiple of 942?
True
Is 1605439 a multiple of 72?
False
Is 3130180 a multiple of 1060?
True
Does 9 divide 789723?
True
Does 39 divide 4084744?
False
Is 47 a factor of 116701?
True
Is 17 a factor of 12101?
False
Does 73 divide 176675?
False
Does 165 divide 365170?
False
Is 12 a factor of 6474655?
False
Does 60 divide 208320?
True
Is 19 a factor of 8001?
False
Is 3 a factor of 97193?
False
Is 1842360 a multiple of 260?
True
Is 2519847 a multiple of 421?
False
Is 32 a factor of 926304?
True
Does 15 divide 1099769?
False
Does 11 divide 6855541?
True
Is 12 a factor of 600408?
True
Does 8 divide 1107557?
False
Does 171 divide 81567?
True
Is 90 a factor of 811620?
True
Is 829 a factor of 1614892?
True
Is 105091 a multiple of 12?
False
Is 1436958 a multiple of 97?
True
Is 1107600 a multiple of 650?
True
Is 124230 a multiple of 303?
True
Is 13679840 a multiple of 80?
True
Is 31770 a multiple of 90?
True
Is 398253 a multiple of 43?
False
Is 14 a factor of 1492560?
False
Is 162 a factor of 390582?
True
Does 11 divide 2169634?
False
Is 6592630 a multiple of 11?
True
Is 723982 a multiple of 90?
False
Does 60 divide 533100?
True
Is 231038 a multiple of 3?
False
Is 148862 a multiple of 217?
True
Does 29 divide 243655?
False
Does 7 divide 40085?
False
Is 3 a factor of 229489?
False
Does 75 divide 6800550?
True
Is 3264 a multiple of 34?
True
Does 34 divide 67777?
False
Does 693 divide 8459451?
True
Is 284500 a multiple of 569?
True
Is 96475 a multiple of 17?
True
Is 3 a factor of 34377?
True
Is 398 a factor of 702868?
True
Is 5 a factor of 226977?
False
Does 252 divide 686219?
False
Is 41 a factor of 2263405?
True
Is 92347 a multiple of 2?
False
Is 1558640 a multiple of 16?
True
Does 41 divide 1002860?
True
Does 85 divide 580809?
False
Is 19 a factor of 127001?
False
Is 17 a factor of 6696691?
True
Is 11 a factor of 1986386?
False
Does 15 divide 41153?
False
Is 167832 a multiple of 12?
True
Does 15 divide 190605?
True
Is 480830 a multiple of 832?
False
Does 21 divide 4716700?
False
Is 17 a factor of 87669?
True
Is 1408020 a multiple of 15?
True
Does 9 divide 113907?
False
Does 90 divide 3707820?
True
Is 4788278 a multiple of 46?
True
Does 622 divide 2351782?
True
Is 53 a factor of 8842923?
False
Does 172 divide 19212812?
False
Is 923 a factor of 1270026?
False
Does 72 divide 54940?
False
Is 17 a factor of 126785?
False
Is 3 a factor of 2490892?
False
Is 179 a factor of 102209?
True
Is 99805 a multiple of 8?
False
Is 5 a factor of 3234860?
True
Is 31 a factor of 430962?
True
Does 32 divide 326343?
False
Is 59 a factor of 463976?
True
Is 5320225 a multiple of 695?
True
Does 556 divide 27279519?
False
Does 4 divide 2450440?
True
Does 47 divide 45637?
True
Does 192 divide 861696?
True
Is 17 a factor of 1386010?
True
Is 3632 a multiple of 37?
False
Is 2181248 a multiple of 128?
True
Is 188760 a multiple of 78?
True
Is 89178 a multiple of 4?
False
Is 379693 a multiple of 30?
False
Is 118 a factor of 170294?
False
Is 27 a factor of 884628?
True
Does 11 divide 109098?
True
Is 54 a factor of 3581215?
False
Is 518 a factor of 155620?
False
Is 646835 a multiple of 19?
False
Does 5 divide 508080?
True
Is 39064 a multiple of 11?
False
Is 3576018 a multiple of 3?
True
Does 681 divide 53118?
True
Is 2869 a multiple of 19?
True
Does 246 divide 37638?
True
Does 97 divide 716835?
False
Is 18 a factor of 6263100?
True
Does 33 divide 41382?
True
Does 8 divide 25400?
True
Is 183968 a multiple of 32?
True
Is 13897414 a multiple of 1368?
False
Does 15 divide 316099?
False
Is 4 a factor of 841180?
True
Is 104 a factor of 572700?
False
Is 620 a factor of 935627?
False
Is 7683909 a multiple of 167?
False
Does 183 divide 363255?
True
Does 46 divide 185748?
True
Does 36 divide 20412?
True
Is 4 a factor of 50908?
True
Is 7102021 a multiple of 12?
False
Does 9 divide 8847990?
True
Is 1433992 a multiple of 306?
False
Does 135 divide 78840?
True
Is 493586 a multiple of 550?
False
Is 4610000 a multiple of 250?
True
Does 6 divide 183596?
False
Is 219 a factor of 9179385?
True
Is 30360 a multiple of 11?
True
Is 18 a factor of 317840?
False
Is 46 a factor of 1020326?
True
Is 446058 a multiple of 97?
False
Is 11041 a multiple of 10?
False
Does 420 divide 1377180?
True
Does 31 divide 698089?
True
Is 221 a factor of 164866?
True
Is 3301905 a multiple of 251?
True
Is 188 a factor of 348740?
True
Does 8 divide 4401080?
True
Does 25 divide 825?
True
Is 140639 a multiple of 221?
False
Does 599 divide 225808?
False
Is 163286 a multiple of 19?
True
Does 16 divide 4294033?
False
Is 15 a factor of 273772?
False
Does 99 divide 367465?
False
Does 155 divide 594149?
False
Does 7 divide 303527?
True
Is 7785 a multiple of 23?
False
Is 338886 a multiple of 18?
True
Does 180 divide 88054?
False
Does 281 divide 3045580?
False
Is 2913860 a multiple of 21?
False
Is 279615 a multiple of 21?
True
Is 6197881 a multiple of 202?
False
Is 170501 a multiple of 13?
False
Does 17 divide 42585?
True
Does 131 divide 1614159?
False
Is 4 a factor of 1136?
True
Is 812725 a multiple of 5?
True
Is 5326064 a multiple of 335?
False
Is 20 a factor of 704992?
False
Is 16 a factor of 2165357?
False
Is 35 a factor of 2975347?
False
Does 5 divide 1017196?
False
Does 89 divide 432826?
False
Is 41 a factor of 23493?
True
Does 379 divide 99298?
True
Is 10888080 a multiple of 21?
True
Is 177 a factor of 177157?
False
Is 15503304 a multiple of 12?
True
Is 5630424 a multiple of 1516?
True
Is 10585435 a multiple of 46?
False
Is 389606 a multiple of 17?
True
Is 122 a factor of 356972?
True
Is 19 a factor of 4041173?
False
Is 189 a factor of 133064?
False
Is 159 a factor of 36570?
True
Is 21104 a multiple of 16?
True
Does 52 divide 50752?
True
Does 525 divide 3880847?
False
Is 453415 a multiple of 53?
True
Is 2046520 a multiple of 6?
False
Is 538 a factor of 96226?
False
Is 12053416 a multiple of 1894?
True
Is 1205 a factor of 2520860?
True
Is 44 a factor of 3067662?
False
Does 23 divide 207244?
False
Is 186272 a multiple of 274?
False
Does 15 divide 1603625?
False
Is 54 a factor of 3098?
False
Is 57 a factor of 185818?
False
Is 220585 a multiple of 11?
False
Does 52 divide 1104792?
True
Is 14016091 a multiple of 42?
False
Is 124 a factor of 177196?
True
Does 9 divide 8423147?
False
Is 2960328 a multiple of 21?
True
Does 17 divide 1930095?
True
Does 1361 divide 6726777?
False
Is 101629 a multiple of 14?
False
Does 8 divide 1411616?
True
Does 63 divide 5994625?
False
Is 487823 a multiple of 40?
False
Is 643 a factor of 276509?
False
Is 154 a factor of 1747900?
True
Is 81 a factor of 404076?
False
Is 580 a factor of 6047660?
True
Is 15817293 a multiple of 9?
True
Does 410 divide 6635850?
True
Is 27 a factor of 1470767?
False
Does 42 divide 4397946?
True
Is 298432 a multiple of 107?
False
Does 97 divide 12026459?
False
Is 23 a factor of 139633?
True
Is 125 a factor of 72250?
True
Is 641283 a multiple of 24?
False
Does 23 divide 3750?
False
Is 47039 a multiple of 17?
True
Does 112 divide 60696?
False
Is 10140 a multiple of 30?
True
Is 42292 even?
True
Does 270 divide 162810?
True
Is 16481465 a multiple of 445?
True
Is 72 a factor of 313920?
True
Does 13 divide 1698242?
True
Does 7 divide 3944335?
False
Is 15 a factor of 6387432?
False
Is 1360932 a multiple of 76?
True
Is 104527 a multiple of 18?
False
Is 2189923 a multiple of 17?
True
Is 2850154 a multiple of 74?
False
Is 364 a multiple of 14?
True
Is 9 a factor of 103371?
False
Does 103 divide 23389982?
False
Does 11 divide 2166?
False
Is 990850 a multiple of 190?
True
Does 46 divide 13450998?
True
Does 143 divide 745893?
False
Is 2034795 a multiple of 122?
False
Does 187 divide 1057453?
False
Is 11 a factor of 22220?
True
Does 217 divide 175205?
False
Is 32933 a multiple of 12?
False
Does 120 divide 1782840?
True
Is 10 a factor of 479215?
False
Is 326646 a multiple of 7?
False
Does 385 divide 610354?
False
Is 8 a factor of 2868696?
True
Is 6 a factor of 104184?
True
Does 310 divide 186083?
False
Does 134 divide 1732084?
True
Is 572472 a multiple of 72?
True
Is 1012135 a multiple of 37?
True
Is 109630 a multip